 1?
-992
In base 13, what is -344 - 1a?
-361
In base 9, what is -31 + 235?
204
In base 4, what is -2020032 + 11?
-2020021
In base 16, what is 33 - 9?
2a
In base 10, what is 19 - -6?
25
In base 3, what is 12 - -12101202?
12101221
In base 7, what is 4 + 3?
10
In base 5, what is -33 - -12?
-21
In base 9, what is 30 + 1?
31
In base 15, what is 0 - -32?
32
In base 6, what is 2151 - 5?
2142
In base 16, what is -4720 + 0?
-4720
In base 3, what is -22220 + 0?
-22220
In base 11, what is 18 - -19?
36
In base 14, what is 6 + 23?
29
In base 15, what is -1d6 + 0?
-1d6
In base 15, what is 5 + 19a?
1a0
In base 11, what is 1 - 305?
-304
In base 2, what is 111110 + 11?
1000001
In base 7, what is 11 - 3411?
-3400
In base 6, what is 1302 - -31?
1333
In base 8, what is -5 - -2337?
2332
In base 2, what is 111011100 - -10110?
111110010
In base 14, what is 37 + 69?
a2
In base 13, what is 3 - -170?
173
In base 3, what is -101 + -1001?
-1102
In base 3, what is 11 - -21201?
21212
In base 16, what is 3 - -4c?
4f
In base 14, what is -6cc - 1?
-6cd
In base 9, what is 6 + 1143?
1150
In base 15, what is 1 - a?
-9
In base 4, what is 0 + -11?
-11
In base 5, what is -10 + -3223?
-3233
In base 10, what is 1083 + -4?
1079
In base 3, what is -101010 + 10?
-101000
In base 3, what is -1210110 - 2?
-1210112
In base 6, what is 2455 + 10?
2505
In base 2, what is -11 - -10110100010?
10110011111
In base 16, what is -ce + -5?
-d3
In base 6, what is 3 - 51?
-44
In base 11, what is -38 + -a5?
-132
In base 2, what is -101 + -11010?
-11111
In base 5, what is 124 + -12?
112
In base 7, what is 1 + 114?
115
In base 14, what is b4a - -4?
b50
In base 14, what is 24 - -1?
25
In base 12, what is -7 + 253?
248
In base 11, what is 4 + -70?
-67
In base 9, what is 0 + 210?
210
In base 8, what is -11 + 2?
-7
In base 3, what is 10 - 1100011?
-1100001
In base 12, what is 5 - -67?
70
In base 2, what is -1110000011000 - 10?
-1110000011010
In base 9, what is 3 + 110?
113
In base 3, what is -122112 + 1102?
-121010
In base 8, what is 0 - 54?
-54
In base 10, what is 111 - -4?
115
In base 7, what is -5 + -1314?
-1322
In base 6, what is -1 + 30?
25
In base 4, what is -10132 - -11?
-10121
In base 4, what is -1 + -313303?
-313310
In base 16, what is 6b - 2?
69
In base 3, what is -222 - -1?
-221
In base 6, what is 20 - -211?
231
In base 4, what is 2 + -11112?
-11110
In base 15, what is -4 + 59?
55
In base 8, what is -2241 - 5?
-2246
In base 4, what is -1330 + 10?
-1320
In base 7, what is -201 + -5?
-206
In base 15, what is 35 - -1?
36
In base 7, what is 654 - -6?
663
In base 10, what is -12 - 6?
-18
In base 4, what is -1321 + 13?
-1302
In base 2, what is -10101 + 10001010001?
10000111100
In base 8, what is -17274 + 2?
-17272
In base 6, what is 3515 - 3?
3512
In base 13, what is 8 - -119a?
11a5
In base 2, what is 110 - 10111010?
-10110100
In base 3, what is 210120 - 2012?
201101
In base 14, what is 11 - 42a?
-419
In base 12, what is -295 + 3?
-292
In base 7, what is 24 - -12?
36
In base 14, what is -4 + 8a?
86
In base 5, what is 0 + -313?
-313
In base 5, what is 4333 + 0?
4333
In base 3, what is 1 - -2211?
2212
In base 10, what is 21 - 69?
-48
In base 8, what is 5 + 33?
40
In base 11, what is 20759 - -3?
20761
In base 2, what is -10011101101 - 101?
-10011110010
In base 10, what is -83 + 3?
-80
In base 4, what is -100210 + 3?
-100201
In base 6, what is 45455 - 0?
45455
In base 14, what is 9 + -3ba?
-3b1
In base 10, what is -61 + 8?
-53
In base 10, what is -50 - -13?
-37
In base 3, what is 101 + -222?
-121
In base 3, what is 1 - 2001201?
-2001200
In base 16, what is 1f - -6b?
8a
In base 4, what is 231030 - 11?
231013
In base 12, what is 5652 + 1?
5653
In base 15, what is 4 - 8cd?
-8c9
In base 5, what is -4 + 1311?
1302
In base 4, what is -103012 - 11?
-103023
In base 11, what is -26 + -152?
-178
In base 3, what is 11020011 - -1?
11020012
In base 2, what is -1110010110011 + 100?
-1110010101111
In base 10, what is -1598 - 5?
-1603
In base 14, what is 56 - 0?
56
In base 8, what is 12 + 4?
16
In base 8, what is 163 - -11?
174
In base 13, what is -4 - 56a?
-571
In base 15, what is 592 + -25?
56c
In base 10, what is -20 + 52?
32
In base 6, what is 404 + -100?
304
In base 9, what is -1 + 14?
13
In base 11, what is 5 - -3a1?
3a6
In base 4, what is 2123 + 212?
3001
In base 5, what is 1 + 201?
202
In base 15, what is 19b1 + -4?
19ac
In base 8, what is 3 + 6005?
6010
In base 8, what is -4 + 17?
13
In base 7, what is 3503 - 2?
3501
In base 11, what is -116 - -74?
-52
In base 4, what is -11213202 + -10?
-11213212
In base 5, what is -213 - -122?
-41
In base 9, what is -2 - -357?
355
In base 16, what is -68 + 4?
-64
In base 9, what is -157 - -8?
-148
In base 4, what is 11 - 202?
-131
In base 15, what is -6 - 4e3?
-4e9
In base 5, what is -14 - 10?
-24
In base 12, what is -6b - -5?
-66
In base 10, what is -108 - -3?
-105
In base 12, what is 5 - 21?
-18
In base 11, what is 34 - -9?
42
In base 6, what is 3 - 20143?
-20140
In base 7, what is 661 - 3?
655
In base 6, what is 10350 - 0?
10350
In base 2, what is -11 - -100110000?
100101101
In base 14, what is 17 - 0?
17
In base 7, what is -116 + -3?
-122
In base 7, what is -14 + -20?
-34
In base 11, what is -18 - -17?
-1
In base 15, what is 7 + d40?
d47
In base 16, what is -4 - f?
-13
In base 6, what is -1 - 111?
-112
In base 8, what is -347 + -17?
-366
In base 3, what is -1 - -10211210?
10211202
In base 9, what is -4 + 5?
1
In base 13, what is 3 + -962?
-95c
In base 3, what is -111211 - 1?
-111212
In base 11, what is 2 - -588?
58a
In base 9, what is 17 + -2053?
-2035
In base 15, what is e6b1 - -2?
e6b3
In base 7, what is 642 - 4?
635
In base 13, what is -52b + 0?
-52b
In base 16, what is -c - 566?
-572
In base 2, what is -100111010011 + 0?
-100111010011
In base 15, what is 1 + -31c?
-31b
In base 5, what is 41312 - -10?
41322
In base 10, what is 1 - 3057?
-3056
In base 15, what is -8 + -1152?
-115a
In base 5, what is -43 + -20?
-113
In base 7, what is 431 - -22?
453
In base 5, what is -20024 + 4?
-20020
In base 12, what is 83 - -29?
b0
In base 10, what is -44 + -237?
-281
In base 16, what is -5f - 8?
-67
In base 10, what is 6 - 70?
-64
In base 10, what is -30187 - 2?
-30189
In base 8, what is -5 + -3633?
-3640
In base 7, what is 34 + 12?
46
In base 16, what is -79 - -12?
-67
In base 15, what is -1 - -322?
321
In base 12, what is 12 + -524?
-512
In base 2, what is -100101111001 + 10?
-100101110111
In base 8, what is 13503 - 0?
13503
In base 3, what is 220 + -1212?
-222
In base 14, what is 44c + -3?
449
In base 6, what is -3 + -2234?
-2241
In base 11, what is 4 - 1a97?
-1a93
In base 10, what is 3 - 310?
-307
In base 5, what is 30343 - 1?
30342
In base 9, what is -38841 - 4?
-38845
In base 12, what is 6 + -68?
-62
In base 3, what is 120202200 + 1?
120202201
In base 5, what is 11 + -424?
-413
In base 15, what is -1 + 588?
587
In base 16, what is 4 - -75?
79
In base 15, what is -797 - 1?
-798
In base 10, what is 368 + -5?
363
In base 3, what is -12 - 122?
-211
In base 13, what is 182 + -5?
17a
In base 6, what is 1404 - -30?
1434
In base 16, what is -4 + 123?
11f
In base 3, what is -1222 + -21?
-2020
In base 11, what is -336 - -a?
-327
In base 11, what is -3817 - 5?
-3821
In base 7, what is 4 - 1231?
-1224
In base 6, what is -310514 + -3?
-310521
In base 2, what is 1001000 - 1011000?
-10000
In base 15, what is -15ac - 2?
-15ae
In base 15, what is 4 - -1c8?
1cc
In base 9, what is -188 - 42?
-241
In base 2, what is -101100100001 - 10?
-101100100011
In base 7, what is 3550 + -1?
3546
In base 15, what is 7b + 0?
7b
In base 10, what is -5 - 490?
-495
In base 13, what is 7 + 38?
42
In base 4, what is 1030 + -123?
301
In base 15, what is 3 - 5?
-2
In base 10, what is 163 + 23?
186
In base 5, what is -111 - 113?
-224
In base 11, what is 757 - 3?
754
In base 5, what is -10 + -22?
-32
In base 10, what is 30 + 49?
79
In base 12, what is -395 + 4?
-391
In base 6, what is 151 + 24?
215
In base 10, what is 525 - -2?
527
In base 10, what is 13 - 169?
-156
In base 8, what is 3 + -14754?
-14751
In base 12, what is -2 - -16?
14
In base 10, what is 97 - -1?
98
In base 16, what is 1975 - 1?
1974
In base 16, what is -13 - 0?
-13
In base 14, what is 6 - -298?
2a0
In base 11, what is 78 - -2?
7a
In base 13, what is 